4*i - 11960. What is the greatest common divisor of i and 1222?
26
Let b = -348 + 292. Let r be 12/14 + (-3200)/b. What is the highest common factor of 2 and r?
2
Let o = 2995 + -1679. What is the highest common divisor of o and 84?
28
Let w = 81717 + -81663. Suppose 0 = -0*s + 2*s - 108. Calculate the greatest common divisor of s and w.
54
Let p(v) = 4*v + 4. Let q be p(-1). Suppose q = -3*s + 3*l + 27, -4*l = -7*l - 12. Calculate the highest common factor of s and 3.
1
Let q(w) = w**3 + 6*w**2 - 4*w + 38. Let f be q(-7). Let d(j) = -3*j + 77. Let c be d(f). Calculate the greatest common divisor of 338 and c.
26
Let k(c) = 8*c**3 + 3*c**2 + 2*c - 10. Let v be k(2). What is the greatest common divisor of 610 and v?
10
Suppose -145 = 5*k + 4*p, 2*k = -2*k - 5*p - 116. Let o = k - -83. Let s = -44 + o. Calculate the greatest common factor of 30 and s.
10
Let g be 144*1*(252/27 + -9). Suppose 730 = 4*a + a - 5*d, 0 = 3*d + 6. What is the greatest common divisor of a and g?
48
Let a = 9072 - 8334. Calculate the greatest common divisor of a and 3526.
82
Suppose -4*i = 18*i - 132. Let c(b) = -215*b**3 - b**2 - b + 1. Let t be c(-1). Calculate the greatest common divisor of i and t.
6
Let d(n) = 6*n**3 - n**2 - n - 2. Let w be d(2). Let g = 608581 + -608536. Calculate the highest common divisor of g and w.
5
Suppose 21*n = 11*n + 4220. Suppose 10*r - n = 418. What is the highest common factor of 140 and r?
28
Let x be 88/10*735/42. Suppose 2*c + 5*l - x = 0, -c + 39 = 5*l - 38. Calculate the highest common divisor of c and 11.
11
Suppose -21*c + 6*c + 165 = 0. Let x be c + -10 - (-29 - 1). Calculate the highest common factor of 248 and x.
31
Let p(a) = 3*a**3 + 3*a**2 - 5*a - 3. Let r be p(3). Let u(h) = 15 + 11 - 25 - 7*h. Let n be u(-5). Calculate the greatest common factor of n and r.
18
Suppose 0 = 8*s - 882 - 4198. Let m = s - 607. Calculate the highest common factor of m and 182.
14
Suppose -8*t - 271 = 8*t - 687. Calculate the highest common factor of 7501 and t.
13
Let b be 0 + (-40)/15*3/(-2). Let r be -1 + 1/b + (-55)/(-20). Suppose r*h = -2*h + 56. What is the greatest common factor of 98 and h?
14
Suppose -3*t + 4409 = -2*r - 267, -5*t - 8*r = -7850. Calculate the greatest common factor of t and 142.
142
Let o = 199 - 186. Calculate the greatest common factor of o and 637.
13
Let p = -19598 + 19737. What is the greatest common factor of p and 39059?
139
Suppose -z = 2*z - 3. Suppose -1407*k + 1311*k + 639 = -1185. Calculate the greatest common factor of k and z.
1
Let c(s) = -s**2 - 71*s - 640. Let d be c(-56). Calculate the highest common divisor of 940 and d.
20
Let n(j) = -j**3 + 11*j**2 - 4*j - 13. Let t be n(7). Let u be ((100/(-4))/5)/(-1). Calculate the highest common divisor of t and u.
5
Let k(x) = x**3 + 8*x**2 - 9*x - 35. Let y be k(-8). Suppose -l + 319 = 5*b + y, -3*b + 178 = 5*l. Calculate the highest common factor of 196 and b.
28
Suppose -3 - 13 = -2*k. Let y be ((-6)/12)/(1/48). Let q be (y/(-30))/((-1)/(-100)). What is the highest common factor of k and q?
8
Let h be (-166)/((1224/192)/(-51)). Calculate the highest common divisor of h and 4.
4
Let j(x) = 2*x**3 + 60*x**2 + 2. Let t be j(-30). Calculate the highest common divisor of 142 and t.
2
Let b = 102580 + -102518. Let t be (-1)/1 + (-4)/(-2). What is the greatest common divisor of b and t?
1
Let k = 17733 - 17708. What is the greatest common divisor of k and 17?
1
Suppose -8*i = -191 - 897. Let p = i + -96. Calculate the highest common factor of 32 and p.
8
Suppose 3*g = 4*g + 5*r - 84, -r = 3*g - 294. What is the greatest common factor of g and 1551?
33
Let r(f) = 2*f**2 + 23*f + 65. Let w be r(-9). Let v be w/(-16) + 84/16 - -212. What is the greatest common factor of v and 8?
8
Let t be (2 + (-165)/12)/((-1)/(-4)). Let z = 47 + t. Suppose z = -4*b + 9*b - 180. Calculate the greatest common divisor of b and 24.
12
Suppose -2*z = -3*r - 64 - 36, 0 = 3*r - 5*z + 106. Let u = -27 - r. Let x be 6/(-21) - 1*214/(-14). Calculate the greatest common factor of x and u.
5
Let q = -253 - -373. Let p(v) = -5*v + 5. Suppose 17 = -j - 2*w + 4, 0 = j + 3*w + 12. Let g be p(j). What is the greatest common factor of g and q?
40
Let z = 1 - 0. Let c(q) = -21*q**2 - 11*q + 52. Let h be c(4). Let p = h - -329. Calculate the greatest common factor of z and p.
1
Let s(t) = 3*t**2 - 11*t + 32. Let r be s(17). Suppose 2*m + 2*x = -m + r, -4*m + 2*x + 968 = 0. Calculate the greatest common factor of m and 20.
20
Let t be 4258/14 - 17/119. Suppose t = 6*g + 2*g. Suppose 2*a - 200 = -g. What is the greatest common factor of a and 54?
27
Let w(f) = -6*f + 44. Let r be w(7). Suppose -2*d + 16 = r*d. What is the highest common factor of d and 10?
2
Let z be 48/27*3/(-4)*-3. Let x(o) = -3*o**3 - 51*o**2 - o - 5. Let k be x(-17). Calculate the greatest common divisor of k and z.
4
Let u = -281 + 283. Let a be (-75 - (-7 + u))*-3. What is the highest common divisor of 42 and a?
42
Let z = 3178 + -2695. Suppose 2*x + 2*x = -c + 169, 0 = 5*x - 5*c - 205. Calculate the highest common divisor of x and z.
21
Suppose -2*c - 3*c + 41 = 4*u, -2 = -2*c + 2*u. Suppose 2*m + 404 = c*l + 6*m, 4*m - 164 = -2*l. What is the greatest common factor of 70 and l?
10
Let o be 0 + 15 + (-2 - -176). Calculate the greatest common divisor of 1827 and o.
63
Suppose 0 = g - 5*g + 44. Let a(j) = -j**2 - 7*j - 7. Let b be a(-2). Let h be (9/(-2))/(27/(-180)) + b. What is the greatest common divisor of g and h?
11
Suppose -63 = 14*l - 18*l + 3*c, 7 = l - 2*c. Let t = 437 + -248. What is the highest common divisor of l and t?
21
Let j be 1 + 47 + 12/(-2). Suppose u + 18 = f, j + 40 = 4*f - 2*u. What is the greatest common divisor of 184 and f?
23
Suppose -2*g - 527 = -3*j, 2*j + 557 = -2*g - j. Let p = -241 - g. Calculate the greatest common divisor of 75 and p.
15
Let q = -168 + 191. Let c = 47 - q. What is the greatest common factor of 336 and c?
24
Suppose 4*v - 29192 = 5*g, g = -543*v + 540*v + 21932. What is the greatest common factor of v and 42?
42
Let m be (-52)/(-143) + 106212/132. What is the greatest common factor of 920 and m?
115
Let u(t) = t**2 + 13*t + 35. Let m be u(-9). Let o be ((-14)/10 + m)*160/(-24). What is the greatest common divisor of o and 12?
4
Suppose -62*c + 3360 = -20*c. Calculate the highest common divisor of 5720 and c.
40
Suppose 27 = 80*p - 83*p. Let q be (-238)/(-8) - p/180*5. What is the greatest common divisor of 150 and q?
30
Let c = 31 - -273. Suppose -5*t - 4*j = -56, 5*j = 10*t + 7*j - 148. What is the highest common divisor of c and t?
16
Let b = 32 + -36. Let d be b/6 + (-3231)/(-27). Suppose -l + 188 - 154 = 0. What is the greatest common factor of l and d?
17
Suppose -5*t = 25, 0 = 31*k - 33*k - 2*t + 1442. Let w = 740 - k. Let g = 38 - -4. Calculate the greatest common factor of g and w.
14
Suppose 0 = 2*j + 2*j - 36. Suppose -8*z + 910 = 550. Calculate the greatest common factor of z and j.
9
Let k(s) = s**3 - 19*s**2 + 100*s - 2. Let g be k(6). What is the highest common factor of g and 52?
26
Let t(w) = w**2 - 9*w + 13. Let u be t(8). Suppose 5*d = 3*y + 3*d - 209, u*d - 365 = -5*y. Calculate the highest common factor of 213 and y.
71
Let p be 9 - 6*3/((-45)/(-10)). Suppose -61 = -2*g + p*m + 104, -4*m - 84 = -g. Calculate the highest common divisor of g and 10.
10
Suppose 5*q + 5*v + 14 - 49 = 0, q - 2*v + 8 = 0. Suppose q*j = -0*j + 8. Let k be (-4)/6*((-306)/j)/3. What is the highest common divisor of 34 and k?
17
Suppose -7585 = 5*v + 3*i, -2*v + 3*i = -4*v - 3025. Let g be 11 + v/(-50) - (-2)/(-5). Calculate the highest common divisor of g and 451.
41
Let t = -200 - -215. Let r be ((-12)/t)/(2/5) + 15. Calculate the greatest common divisor of 13 and r.
13
Let c be (-3)/2*(-5 - 201/(-9)). Let l = c - -23. Let h be (4 - l)*120/14. Calculate the greatest common factor of h and 36.
12
Let k(v) = -28*v**3 - 5*v**2 - 14*v - 1. Let z be k(-2). Suppose 2*t - 243 = -z. Calculate the highest common divisor of t and 69.
3
Let j(r) = 18*r + 288. Let w be j(-13). What is the highest common factor of w and 1746?
18
Let x = -740 - -892. Calculate the highest common factor of x and 627.
19
Let k(c) = -2*c**2 - 43*c + 7. Let j = -256 + 235. Let l be k(j). Let g = -13 + 125. What is